{"id":18,"date":"2024-10-19T06:05:17","date_gmt":"2024-10-19T09:05:17","guid":{"rendered":"https:\/\/cep.galand.com.br\/?page_id=18"},"modified":"2024-10-26T19:06:18","modified_gmt":"2024-10-26T22:06:18","slug":"servicos","status":"publish","type":"page","link":"https:\/\/ceptelecom.com.br\/index.php\/servicos\/","title":{"rendered":"Servi\u00e7os"},"content":{"rendered":"\t\t<div data-elementor-type=\"wp-page\" data-elementor-id=\"18\" class=\"elementor elementor-18\">\n\t\t\t\t<div class=\"elementor-element elementor-element-8ec500d e-con-full e-flex e-con e-parent\" data-id=\"8ec500d\" data-element_type=\"container\" data-settings=\"{&quot;background_background&quot;:&quot;classic&quot;}\">\n\t\t\t\t<div class=\"elementor-element elementor-element-5b681e2 elementor-widget__width-initial elementor-widget elementor-widget-heading\" data-id=\"5b681e2\" data-element_type=\"widget\" data-widget_type=\"heading.default\">\n\t\t\t\t<div class=\"elementor-widget-container\">\n\t\t\t\t\t<h2 class=\"elementor-heading-title elementor-size-default\">Conhe\u00e7a nossos principais  servi\u00e7os<\/h2>\t\t\t\t<\/div>\n\t\t\t\t<\/div>\n\t\t\t\t<\/div>\n\t\t<div class=\"elementor-element elementor-element-89a4130 e-con-full e-flex e-con e-parent\" data-id=\"89a4130\" data-element_type=\"container\">\n\t\t<div class=\"elementor-element elementor-element-99b4a80 e-flex e-con-boxed e-con e-child\" data-id=\"99b4a80\" data-element_type=\"container\">\n\t\t\t\t\t<div class=\"e-con-inner\">\n\t\t\t\t<div class=\"elementor-element elementor-element-152c181 elementor-position-top elementor-widget elementor-widget-image-box\" data-id=\"152c181\" data-element_type=\"widget\" data-widget_type=\"image-box.default\">\n\t\t\t\t<div class=\"elementor-widget-container\">\n\t\t\t\t\t<div class=\"elementor-image-box-wrapper\"><figure class=\"elementor-image-box-img\"><a href=\"https:\/\/ceptelecom.com.br\/index.php\/cabeamento-estruturado\/\" target=\"_blank\" tabindex=\"-1\"><img fetchpriority=\"high\" decoding=\"async\" width=\"300\" height=\"263\" src=\"https:\/\/ceptelecom.com.br\/wp-content\/uploads\/2024\/10\/CABEAMENTO-ESTRUTURADO-002-1-300x263.png\" class=\"elementor-animation-grow attachment-medium size-medium wp-image-303\" alt=\"\" srcset=\"https:\/\/ceptelecom.com.br\/wp-content\/uploads\/2024\/10\/CABEAMENTO-ESTRUTURADO-002-1-300x263.png 300w, https:\/\/ceptelecom.com.br\/wp-content\/uploads\/2024\/10\/CABEAMENTO-ESTRUTURADO-002-1.png 400w\" sizes=\"(max-width: 300px) 100vw, 300px\" \/><\/a><\/figure><div class=\"elementor-image-box-content\"><h1 class=\"elementor-image-box-title\"><a href=\"https:\/\/ceptelecom.com.br\/index.php\/cabeamento-estruturado\/\" target=\"_blank\">Cabeamento Estruturado<\/a><\/h1><p class=\"elementor-image-box-description\">Oferecemos solu\u00e7\u00f5es completas de cabeamento estruturado, garantindo conectividade eficiente, segura e de alta performance para sua empresa.<\/p><\/div><\/div>\t\t\t\t<\/div>\n\t\t\t\t<\/div>\n\t\t\t\t\t<\/div>\n\t\t\t\t<\/div>\n\t\t<div class=\"elementor-element elementor-element-6fd68a0 e-flex e-con-boxed e-con e-child\" data-id=\"6fd68a0\" data-element_type=\"container\">\n\t\t\t\t\t<div class=\"e-con-inner\">\n\t\t\t\t<div class=\"elementor-element elementor-element-a12f6b7 elementor-position-top elementor-widget elementor-widget-image-box\" data-id=\"a12f6b7\" data-element_type=\"widget\" data-widget_type=\"image-box.default\">\n\t\t\t\t<div class=\"elementor-widget-container\">\n\t\t\t\t\t<div class=\"elementor-image-box-wrapper\"><figure class=\"elementor-image-box-img\"><a href=\"https:\/\/ceptelecom.com.br\/index.php\/infra-estrutura\/\" target=\"_blank\" tabindex=\"-1\"><img decoding=\"async\" width=\"300\" height=\"263\" src=\"https:\/\/ceptelecom.com.br\/wp-content\/uploads\/2024\/10\/INFRA-ESTRUTURA-300x263.png\" class=\"elementor-animation-grow attachment-medium size-medium wp-image-299\" alt=\"\" srcset=\"https:\/\/ceptelecom.com.br\/wp-content\/uploads\/2024\/10\/INFRA-ESTRUTURA-300x263.png 300w, https:\/\/ceptelecom.com.br\/wp-content\/uploads\/2024\/10\/INFRA-ESTRUTURA.png 400w\" sizes=\"(max-width: 300px) 100vw, 300px\" \/><\/a><\/figure><div class=\"elementor-image-box-content\"><h1 class=\"elementor-image-box-title\"><a href=\"https:\/\/ceptelecom.com.br\/index.php\/infra-estrutura\/\" target=\"_blank\">Infra Estrutura<\/a><\/h1><p class=\"elementor-image-box-description\">Especialistas em infraestrutura para rede de dados, voz e CFTV, entregamos solu\u00e7\u00f5es seguras e integradas para sua empresa.<\/p><\/div><\/div>\t\t\t\t<\/div>\n\t\t\t\t<\/div>\n\t\t\t\t\t<\/div>\n\t\t\t\t<\/div>\n\t\t<div class=\"elementor-element elementor-element-28b919c e-flex e-con-boxed e-con e-child\" data-id=\"28b919c\" data-element_type=\"container\">\n\t\t\t\t\t<div class=\"e-con-inner\">\n\t\t\t\t<div class=\"elementor-element elementor-element-1add83c elementor-position-top elementor-widget elementor-widget-image-box\" data-id=\"1add83c\" data-element_type=\"widget\" data-widget_type=\"image-box.default\">\n\t\t\t\t<div class=\"elementor-widget-container\">\n\t\t\t\t\t<div class=\"elementor-image-box-wrapper\"><figure class=\"elementor-image-box-img\"><a href=\"https:\/\/ceptelecom.com.br\/index.php\/cftv\/\" target=\"_blank\" tabindex=\"-1\"><img decoding=\"async\" width=\"300\" height=\"263\" src=\"https:\/\/ceptelecom.com.br\/wp-content\/uploads\/2024\/10\/CFTV-300x263.png\" class=\"elementor-animation-grow attachment-medium size-medium wp-image-307\" alt=\"\" srcset=\"https:\/\/ceptelecom.com.br\/wp-content\/uploads\/2024\/10\/CFTV-300x263.png 300w, https:\/\/ceptelecom.com.br\/wp-content\/uploads\/2024\/10\/CFTV.png 400w\" sizes=\"(max-width: 300px) 100vw, 300px\" \/><\/a><\/figure><div class=\"elementor-image-box-content\"><h1 class=\"elementor-image-box-title\"><a href=\"https:\/\/ceptelecom.com.br\/index.php\/cftv\/\" target=\"_blank\">C F T V<\/a><\/h1><p class=\"elementor-image-box-description\">Oferecemos solu\u00e7\u00f5es de CFTV, garantindo seguran\u00e7a e controle total para sua empresa ou resid\u00eancia.<\/p><\/div><\/div>\t\t\t\t<\/div>\n\t\t\t\t<\/div>\n\t\t\t\t\t<\/div>\n\t\t\t\t<\/div>\n\t\t<div class=\"elementor-element elementor-element-a426aa7 e-flex e-con-boxed e-con e-child\" data-id=\"a426aa7\" data-element_type=\"container\">\n\t\t\t\t\t<div class=\"e-con-inner\">\n\t\t\t\t<div class=\"elementor-element elementor-element-1bc4023 elementor-position-top elementor-widget elementor-widget-image-box\" data-id=\"1bc4023\" data-element_type=\"widget\" data-widget_type=\"image-box.default\">\n\t\t\t\t<div class=\"elementor-widget-container\">\n\t\t\t\t\t<div class=\"elementor-image-box-wrapper\"><figure class=\"elementor-image-box-img\"><a href=\"https:\/\/ceptelecom.com.br\/index.php\/ceretificacoes\/\" target=\"_blank\" tabindex=\"-1\"><img loading=\"lazy\" decoding=\"async\" width=\"300\" height=\"263\" src=\"https:\/\/ceptelecom.com.br\/wp-content\/uploads\/2024\/10\/certificacao-de-redes-300x263.png\" class=\"elementor-animation-grow attachment-medium size-medium wp-image-315\" alt=\"\" srcset=\"https:\/\/ceptelecom.com.br\/wp-content\/uploads\/2024\/10\/certificacao-de-redes-300x263.png 300w, https:\/\/ceptelecom.com.br\/wp-content\/uploads\/2024\/10\/certificacao-de-redes.png 400w\" sizes=\"(max-width: 300px) 100vw, 300px\" \/><\/a><\/figure><div class=\"elementor-image-box-content\"><h1 class=\"elementor-image-box-title\"><a href=\"https:\/\/ceptelecom.com.br\/index.php\/ceretificacoes\/\" target=\"_blank\">Certifica\u00e7\u00e3o de Redes<\/a><\/h1><p class=\"elementor-image-box-description\">Realizamos certifica\u00e7\u00e3o de redes CAT5E, CAT6A e CAT6E, assegurando desempenho, seguran\u00e7a e conformidade com os padr\u00f5es de qualidade.<\/p><\/div><\/div>\t\t\t\t<\/div>\n\t\t\t\t<\/div>\n\t\t\t\t\t<\/div>\n\t\t\t\t<\/div>\n\t\t<div class=\"elementor-element elementor-element-78cd44f e-flex e-con-boxed e-con e-child\" data-id=\"78cd44f\" data-element_type=\"container\">\n\t\t\t\t\t<div class=\"e-con-inner\">\n\t\t\t\t<div class=\"elementor-element elementor-element-398e270 elementor-position-top elementor-widget elementor-widget-image-box\" data-id=\"398e270\" data-element_type=\"widget\" data-widget_type=\"image-box.default\">\n\t\t\t\t<div class=\"elementor-widget-container\">\n\t\t\t\t\t<div class=\"elementor-image-box-wrapper\"><figure class=\"elementor-image-box-img\"><a href=\"https:\/\/ceptelecom.com.br\/index.php\/fusao-fibra-otica\/\" target=\"_blank\" tabindex=\"-1\"><img loading=\"lazy\" decoding=\"async\" width=\"300\" height=\"263\" src=\"https:\/\/ceptelecom.com.br\/wp-content\/uploads\/2024\/10\/Fusao-de-fibra-otica-300x263.png\" class=\"elementor-animation-grow attachment-medium size-medium wp-image-316\" alt=\"\" srcset=\"https:\/\/ceptelecom.com.br\/wp-content\/uploads\/2024\/10\/Fusao-de-fibra-otica-300x263.png 300w, https:\/\/ceptelecom.com.br\/wp-content\/uploads\/2024\/10\/Fusao-de-fibra-otica.png 400w\" sizes=\"(max-width: 300px) 100vw, 300px\" \/><\/a><\/figure><div class=\"elementor-image-box-content\"><h1 class=\"elementor-image-box-title\"><a href=\"https:\/\/ceptelecom.com.br\/index.php\/fusao-fibra-otica\/\" target=\"_blank\">Fus\u00e3o de Fibra \u00d3tica<\/a><\/h1><p class=\"elementor-image-box-description\">Oferecemos servi\u00e7os de fus\u00e3o de fibra \u00f3tica com precis\u00e3o, garantindo conex\u00f5es r\u00e1pidas, est\u00e1veis e de alta qualidade para sua rede.<\/p><\/div><\/div>\t\t\t\t<\/div>\n\t\t\t\t<\/div>\n\t\t\t\t\t<\/div>\n\t\t\t\t<\/div>\n\t\t\t\t<\/div>\n\t\t\t\t<\/div>\n\t\t","protected":false},"excerpt":{"rendered":"<p>Conhe\u00e7a nossos principais servi\u00e7os Cabeamento Estruturado Oferecemos solu\u00e7\u00f5es completas de cabeamento estruturado, garantindo conectividade eficiente, segura e de alta performance para sua empresa. Infra Estrutura Especialistas em infraestrutura para rede de dados, voz e CFTV, entregamos solu\u00e7\u00f5es seguras e integradas para sua empresa. C F T V Oferecemos solu\u00e7\u00f5es de CFTV, garantindo seguran\u00e7a e controle [&hellip;]<\/p>\n","protected":false},"author":1,"featured_media":0,"parent":0,"menu_order":0,"comment_status":"closed","ping_status":"closed","template":"elementor_header_footer","meta":{"footnotes":""},"class_list":["post-18","page","type-page","status-publish","hentry"],"yoast_head":"<!-- This site is optimized with the Yoast SEO plugin v27.0 - https:\/\/yoast.com\/product\/yoast-seo-wordpress\/ -->\n<title>Servi\u00e7os - Wordpress<\/title>\n<meta name=\"robots\" content=\"index, follow, max-snippet:-1, max-image-preview:large, max-video-preview:-1\" \/>\n<link rel=\"canonical\" href=\"https:\/\/ceptelecom.com.br\/index.php\/servicos\/\" \/>\n<meta property=\"og:locale\" content=\"en_US\" \/>\n<meta property=\"og:type\" content=\"article\" \/>\n<meta property=\"og:title\" content=\"Servi\u00e7os - Wordpress\" \/>\n<meta property=\"og:description\" content=\"Conhe\u00e7a nossos principais servi\u00e7os Cabeamento Estruturado Oferecemos solu\u00e7\u00f5es completas de cabeamento estruturado, garantindo conectividade eficiente, segura e de alta performance para sua empresa. Infra Estrutura Especialistas em infraestrutura para rede de dados, voz e CFTV, entregamos solu\u00e7\u00f5es seguras e integradas para sua empresa. C F T V Oferecemos solu\u00e7\u00f5es de CFTV, garantindo seguran\u00e7a e controle [&hellip;]\" \/>\n<meta property=\"og:url\" content=\"https:\/\/ceptelecom.com.br\/index.php\/servicos\/\" \/>\n<meta property=\"og:site_name\" content=\"Wordpress\" \/>\n<meta property=\"article:modified_time\" content=\"2024-10-26T22:06:18+00:00\" \/>\n<meta property=\"og:image\" content=\"https:\/\/ceptelecom.com.br\/wp-content\/uploads\/2024\/10\/CABEAMENTO-ESTRUTURADO-002-1-300x263.png\" \/>\n<meta name=\"twitter:card\" content=\"summary_large_image\" \/>\n<meta name=\"twitter:label1\" content=\"Est. reading time\" \/>\n\t<meta name=\"twitter:data1\" content=\"2 minutes\" \/>\n<script type=\"application\/ld+json\" class=\"yoast-schema-graph\">{\"@context\":\"https:\/\/schema.org\",\"@graph\":[{\"@type\":\"WebPage\",\"@id\":\"https:\/\/ceptelecom.com.br\/index.php\/servicos\/\",\"url\":\"https:\/\/ceptelecom.com.br\/index.php\/servicos\/\",\"name\":\"Servi\u00e7os - Wordpress\",\"isPartOf\":{\"@id\":\"https:\/\/ceptelecom.com.br\/#website\"},\"primaryImageOfPage\":{\"@id\":\"https:\/\/ceptelecom.com.br\/index.php\/servicos\/#primaryimage\"},\"image\":{\"@id\":\"https:\/\/ceptelecom.com.br\/index.php\/servicos\/#primaryimage\"},\"thumbnailUrl\":\"https:\/\/ceptelecom.com.br\/wp-content\/uploads\/2024\/10\/CABEAMENTO-ESTRUTURADO-002-1-300x263.png\",\"datePublished\":\"2024-10-19T09:05:17+00:00\",\"dateModified\":\"2024-10-26T22:06:18+00:00\",\"breadcrumb\":{\"@id\":\"https:\/\/ceptelecom.com.br\/index.php\/servicos\/#breadcrumb\"},\"inLanguage\":\"en-US\",\"potentialAction\":[{\"@type\":\"ReadAction\",\"target\":[\"https:\/\/ceptelecom.com.br\/index.php\/servicos\/\"]}]},{\"@type\":\"ImageObject\",\"inLanguage\":\"en-US\",\"@id\":\"https:\/\/ceptelecom.com.br\/index.php\/servicos\/#primaryimage\",\"url\":\"https:\/\/ceptelecom.com.br\/wp-content\/uploads\/2024\/10\/CABEAMENTO-ESTRUTURADO-002-1.png\",\"contentUrl\":\"https:\/\/ceptelecom.com.br\/wp-content\/uploads\/2024\/10\/CABEAMENTO-ESTRUTURADO-002-1.png\",\"width\":400,\"height\":350},{\"@type\":\"BreadcrumbList\",\"@id\":\"https:\/\/ceptelecom.com.br\/index.php\/servicos\/#breadcrumb\",\"itemListElement\":[{\"@type\":\"ListItem\",\"position\":1,\"name\":\"Home\",\"item\":\"https:\/\/ceptelecom.com.br\/\"},{\"@type\":\"ListItem\",\"position\":2,\"name\":\"Servi\u00e7os\"}]},{\"@type\":\"WebSite\",\"@id\":\"https:\/\/ceptelecom.com.br\/#website\",\"url\":\"https:\/\/ceptelecom.com.br\/\",\"name\":\"Wordpress\",\"description\":\"\",\"potentialAction\":[{\"@type\":\"SearchAction\",\"target\":{\"@type\":\"EntryPoint\",\"urlTemplate\":\"https:\/\/ceptelecom.com.br\/?s={search_term_string}\"},\"query-input\":{\"@type\":\"PropertyValueSpecification\",\"valueRequired\":true,\"valueName\":\"search_term_string\"}}],\"inLanguage\":\"en-US\"}]}<\/script>\n<!-- \/ Yoast SEO plugin. -->","yoast_head_json":{"title":"Servi\u00e7os - Wordpress","robots":{"index":"index","follow":"follow","max-snippet":"max-snippet:-1","max-image-preview":"max-image-preview:large","max-video-preview":"max-video-preview:-1"},"canonical":"https:\/\/ceptelecom.com.br\/index.php\/servicos\/","og_locale":"en_US","og_type":"article","og_title":"Servi\u00e7os - Wordpress","og_description":"Conhe\u00e7a nossos principais servi\u00e7os Cabeamento Estruturado Oferecemos solu\u00e7\u00f5es completas de cabeamento estruturado, garantindo conectividade eficiente, segura e de alta performance para sua empresa. Infra Estrutura Especialistas em infraestrutura para rede de dados, voz e CFTV, entregamos solu\u00e7\u00f5es seguras e integradas para sua empresa. C F T V Oferecemos solu\u00e7\u00f5es de CFTV, garantindo seguran\u00e7a e controle [&hellip;]","og_url":"https:\/\/ceptelecom.com.br\/index.php\/servicos\/","og_site_name":"Wordpress","article_modified_time":"2024-10-26T22:06:18+00:00","og_image":[{"url":"https:\/\/ceptelecom.com.br\/wp-content\/uploads\/2024\/10\/CABEAMENTO-ESTRUTURADO-002-1-300x263.png","type":"","width":"","height":""}],"twitter_card":"summary_large_image","twitter_misc":{"Est. reading time":"2 minutes"},"schema":{"@context":"https:\/\/schema.org","@graph":[{"@type":"WebPage","@id":"https:\/\/ceptelecom.com.br\/index.php\/servicos\/","url":"https:\/\/ceptelecom.com.br\/index.php\/servicos\/","name":"Servi\u00e7os - Wordpress","isPartOf":{"@id":"https:\/\/ceptelecom.com.br\/#website"},"primaryImageOfPage":{"@id":"https:\/\/ceptelecom.com.br\/index.php\/servicos\/#primaryimage"},"image":{"@id":"https:\/\/ceptelecom.com.br\/index.php\/servicos\/#primaryimage"},"thumbnailUrl":"https:\/\/ceptelecom.com.br\/wp-content\/uploads\/2024\/10\/CABEAMENTO-ESTRUTURADO-002-1-300x263.png","datePublished":"2024-10-19T09:05:17+00:00","dateModified":"2024-10-26T22:06:18+00:00","breadcrumb":{"@id":"https:\/\/ceptelecom.com.br\/index.php\/servicos\/#breadcrumb"},"inLanguage":"en-US","potentialAction":[{"@type":"ReadAction","target":["https:\/\/ceptelecom.com.br\/index.php\/servicos\/"]}]},{"@type":"ImageObject","inLanguage":"en-US","@id":"https:\/\/ceptelecom.com.br\/index.php\/servicos\/#primaryimage","url":"https:\/\/ceptelecom.com.br\/wp-content\/uploads\/2024\/10\/CABEAMENTO-ESTRUTURADO-002-1.png","contentUrl":"https:\/\/ceptelecom.com.br\/wp-content\/uploads\/2024\/10\/CABEAMENTO-ESTRUTURADO-002-1.png","width":400,"height":350},{"@type":"BreadcrumbList","@id":"https:\/\/ceptelecom.com.br\/index.php\/servicos\/#breadcrumb","itemListElement":[{"@type":"ListItem","position":1,"name":"Home","item":"https:\/\/ceptelecom.com.br\/"},{"@type":"ListItem","position":2,"name":"Servi\u00e7os"}]},{"@type":"WebSite","@id":"https:\/\/ceptelecom.com.br\/#website","url":"https:\/\/ceptelecom.com.br\/","name":"Wordpress","description":"","potentialAction":[{"@type":"SearchAction","target":{"@type":"EntryPoint","urlTemplate":"https:\/\/ceptelecom.com.br\/?s={search_term_string}"},"query-input":{"@type":"PropertyValueSpecification","valueRequired":true,"valueName":"search_term_string"}}],"inLanguage":"en-US"}]}},"_links":{"self":[{"href":"https:\/\/ceptelecom.com.br\/index.php\/wp-json\/wp\/v2\/pages\/18","targetHints":{"allow":["GET"]}}],"collection":[{"href":"https:\/\/ceptelecom.com.br\/index.php\/wp-json\/wp\/v2\/pages"}],"about":[{"href":"https:\/\/ceptelecom.com.br\/index.php\/wp-json\/wp\/v2\/types\/page"}],"author":[{"embeddable":true,"href":"https:\/\/ceptelecom.com.br\/index.php\/wp-json\/wp\/v2\/users\/1"}],"replies":[{"embeddable":true,"href":"https:\/\/ceptelecom.com.br\/index.php\/wp-json\/wp\/v2\/comments?post=18"}],"version-history":[{"count":70,"href":"https:\/\/ceptelecom.com.br\/index.php\/wp-json\/wp\/v2\/pages\/18\/revisions"}],"predecessor-version":[{"id":594,"href":"https:\/\/ceptelecom.com.br\/index.php\/wp-json\/wp\/v2\/pages\/18\/revisions\/594"}],"wp:attachment":[{"href":"https:\/\/ceptelecom.com.br\/index.php\/wp-json\/wp\/v2\/media?parent=18"}],"curies":[{"name":"wp","href":"https:\/\/api.w.org\/{rel}","templated":true}]}}