{"id":2,"date":"2024-10-18T20:27:32","date_gmt":"2024-10-18T23:27:32","guid":{"rendered":"http:\/\/cep.galand.com.br\/?page_id=2"},"modified":"2024-10-19T17:02:13","modified_gmt":"2024-10-19T20:02:13","slug":"pagina-exemplo","status":"publish","type":"page","link":"https:\/\/ceptelecom.com.br\/","title":{"rendered":"Home"},"content":{"rendered":"\t\t<div data-elementor-type=\"wp-page\" data-elementor-id=\"2\" class=\"elementor elementor-2\">\n\t\t\t\t<div class=\"elementor-element elementor-element-55c9b563 e-con-full e-flex e-con e-parent\" data-id=\"55c9b563\" data-element_type=\"container\" data-settings=\"{&quot;background_background&quot;:&quot;classic&quot;}\">\n\t\t\t\t<\/div>\n\t\t<div class=\"elementor-element elementor-element-61d8391 e-con-full e-flex e-con e-parent\" data-id=\"61d8391\" data-element_type=\"container\">\n\t\t\t\t<div class=\"elementor-element elementor-element-021d5e3 elementor-headline--style-highlight elementor-widget elementor-widget-animated-headline\" data-id=\"021d5e3\" data-element_type=\"widget\" data-settings=\"{&quot;marker&quot;:&quot;underline&quot;,&quot;highlighted_text&quot;:&quot;Servi\\u00e7os&quot;,&quot;headline_style&quot;:&quot;highlight&quot;,&quot;loop&quot;:&quot;yes&quot;,&quot;highlight_animation_duration&quot;:1200,&quot;highlight_iteration_delay&quot;:8000}\" data-widget_type=\"animated-headline.default\">\n\t\t\t\t<div class=\"elementor-widget-container\">\n\t\t\t\t\t\t\t<h3 class=\"elementor-headline\">\n\t\t\t\t\t<span class=\"elementor-headline-plain-text elementor-headline-text-wrapper\">Conhe\u00e7a Nossos<\/span>\n\t\t\t\t<span class=\"elementor-headline-dynamic-wrapper elementor-headline-text-wrapper\">\n\t\t\t\t\t<span class=\"elementor-headline-dynamic-text elementor-headline-text-active\">Servi\u00e7os<\/span>\n\t\t\t\t<\/span>\n\t\t\t\t<\/h3>\n\t\t\t\t\t\t<\/div>\n\t\t\t\t<\/div>\n\t\t\t\t<div class=\"elementor-element elementor-element-db215c5 elementor-widget elementor-widget-text-editor\" data-id=\"db215c5\" data-element_type=\"widget\" data-widget_type=\"text-editor.default\">\n\t\t\t\t<div class=\"elementor-widget-container\">\n\t\t\t\t\t\t\t\t\t<p>Conhe\u00e7a os servi\u00e7os que a CEPTELECOM tem a oferecer com efici\u00eancia e resultados.<\/p>\t\t\t\t\t\t\t\t<\/div>\n\t\t\t\t<\/div>\n\t\t\t\t<\/div>\n\t\t<div class=\"elementor-element elementor-element-be50809 e-con-full e-flex e-con e-parent\" data-id=\"be50809\" data-element_type=\"container\">\n\t\t\t\t<div class=\"elementor-element elementor-element-b4620e9 elementor-widget-mobile__width-initial elementor-position-top elementor-widget elementor-widget-image-box\" data-id=\"b4620e9\" data-element_type=\"widget\" data-widget_type=\"image-box.default\">\n\t\t\t\t<div class=\"elementor-widget-container\">\n\t\t\t\t\t<div class=\"elementor-image-box-wrapper\"><figure class=\"elementor-image-box-img\"><img fetchpriority=\"high\" decoding=\"async\" width=\"1080\" height=\"1080\" src=\"https:\/\/ceptelecom.com.br\/wp-content\/uploads\/2024\/10\/Cabeamento-Estruturado.png\" class=\"elementor-animation-grow attachment-full size-full wp-image-145\" alt=\"\" srcset=\"https:\/\/ceptelecom.com.br\/wp-content\/uploads\/2024\/10\/Cabeamento-Estruturado.png 1080w, https:\/\/ceptelecom.com.br\/wp-content\/uploads\/2024\/10\/Cabeamento-Estruturado-300x300.png 300w, https:\/\/ceptelecom.com.br\/wp-content\/uploads\/2024\/10\/Cabeamento-Estruturado-1024x1024.png 1024w, https:\/\/ceptelecom.com.br\/wp-content\/uploads\/2024\/10\/Cabeamento-Estruturado-150x150.png 150w, https:\/\/ceptelecom.com.br\/wp-content\/uploads\/2024\/10\/Cabeamento-Estruturado-768x768.png 768w\" sizes=\"(max-width: 1080px) 100vw, 1080px\" \/><\/figure><div class=\"elementor-image-box-content\"><h3 class=\"elementor-image-box-title\">Cabeamento Estruturado<\/h3><p class=\"elementor-image-box-description\">Projeto completo de Redes Estruturadas CAT 5E, CAT 6A e CAT 6<\/p><\/div><\/div>\t\t\t\t<\/div>\n\t\t\t\t<\/div>\n\t\t\t\t<div class=\"elementor-element elementor-element-d9319b8 elementor-widget-mobile__width-initial elementor-position-top elementor-widget elementor-widget-image-box\" data-id=\"d9319b8\" data-element_type=\"widget\" data-widget_type=\"image-box.default\">\n\t\t\t\t<div class=\"elementor-widget-container\">\n\t\t\t\t\t<div class=\"elementor-image-box-wrapper\"><figure class=\"elementor-image-box-img\"><img decoding=\"async\" width=\"1080\" height=\"1080\" src=\"https:\/\/ceptelecom.com.br\/wp-content\/uploads\/2024\/10\/Telecom.png\" class=\"elementor-animation-grow attachment-full size-full wp-image-162\" alt=\"\" srcset=\"https:\/\/ceptelecom.com.br\/wp-content\/uploads\/2024\/10\/Telecom.png 1080w, https:\/\/ceptelecom.com.br\/wp-content\/uploads\/2024\/10\/Telecom-300x300.png 300w, https:\/\/ceptelecom.com.br\/wp-content\/uploads\/2024\/10\/Telecom-1024x1024.png 1024w, https:\/\/ceptelecom.com.br\/wp-content\/uploads\/2024\/10\/Telecom-150x150.png 150w, https:\/\/ceptelecom.com.br\/wp-content\/uploads\/2024\/10\/Telecom-768x768.png 768w\" sizes=\"(max-width: 1080px) 100vw, 1080px\" \/><\/figure><div class=\"elementor-image-box-content\"><h3 class=\"elementor-image-box-title\">Telecom<\/h3><p class=\"elementor-image-box-description\">Projetos, interliga\u00e7\u00f5es, Loca\u00e7\u00f5es<\/p><\/div><\/div>\t\t\t\t<\/div>\n\t\t\t\t<\/div>\n\t\t\t\t<div class=\"elementor-element elementor-element-c71042c elementor-widget__width-initial elementor-position-top elementor-widget elementor-widget-image-box\" data-id=\"c71042c\" data-element_type=\"widget\" data-widget_type=\"image-box.default\">\n\t\t\t\t<div class=\"elementor-widget-container\">\n\t\t\t\t\t<div class=\"elementor-image-box-wrapper\"><figure class=\"elementor-image-box-img\"><img decoding=\"async\" width=\"1080\" height=\"1080\" src=\"https:\/\/ceptelecom.com.br\/wp-content\/uploads\/2024\/10\/C-F-T-V.png\" class=\"elementor-animation-grow attachment-full size-full wp-image-163\" alt=\"\" srcset=\"https:\/\/ceptelecom.com.br\/wp-content\/uploads\/2024\/10\/C-F-T-V.png 1080w, https:\/\/ceptelecom.com.br\/wp-content\/uploads\/2024\/10\/C-F-T-V-300x300.png 300w, https:\/\/ceptelecom.com.br\/wp-content\/uploads\/2024\/10\/C-F-T-V-1024x1024.png 1024w, https:\/\/ceptelecom.com.br\/wp-content\/uploads\/2024\/10\/C-F-T-V-150x150.png 150w, https:\/\/ceptelecom.com.br\/wp-content\/uploads\/2024\/10\/C-F-T-V-768x768.png 768w\" sizes=\"(max-width: 1080px) 100vw, 1080px\" \/><\/figure><div class=\"elementor-image-box-content\"><h3 class=\"elementor-image-box-title\">C F T V<\/h3><p class=\"elementor-image-box-description\">Circuito Fechado de TV \u00e9 um dos meios mais eficazes para preven\u00e7\u00e3o e controle daseguran\u00e7a pessoal e patrimonial.<\/p><\/div><\/div>\t\t\t\t<\/div>\n\t\t\t\t<\/div>\n\t\t\t\t<div class=\"elementor-element elementor-element-6db12fc elementor-widget-mobile__width-initial elementor-position-top elementor-widget elementor-widget-image-box\" data-id=\"6db12fc\" data-element_type=\"widget\" data-widget_type=\"image-box.default\">\n\t\t\t\t<div class=\"elementor-widget-container\">\n\t\t\t\t\t<div class=\"elementor-image-box-wrapper\"><figure class=\"elementor-image-box-img\"><img loading=\"lazy\" decoding=\"async\" width=\"1080\" height=\"1080\" src=\"https:\/\/ceptelecom.com.br\/wp-content\/uploads\/2024\/10\/Certificacao.png\" class=\"elementor-animation-grow attachment-full size-full wp-image-164\" alt=\"\" srcset=\"https:\/\/ceptelecom.com.br\/wp-content\/uploads\/2024\/10\/Certificacao.png 1080w, https:\/\/ceptelecom.com.br\/wp-content\/uploads\/2024\/10\/Certificacao-300x300.png 300w, https:\/\/ceptelecom.com.br\/wp-content\/uploads\/2024\/10\/Certificacao-1024x1024.png 1024w, https:\/\/ceptelecom.com.br\/wp-content\/uploads\/2024\/10\/Certificacao-150x150.png 150w, https:\/\/ceptelecom.com.br\/wp-content\/uploads\/2024\/10\/Certificacao-768x768.png 768w\" sizes=\"(max-width: 1080px) 100vw, 1080px\" \/><\/figure><div class=\"elementor-image-box-content\"><h3 class=\"elementor-image-box-title\">Certifica\u00e7\u00f5es<\/h3><p class=\"elementor-image-box-description\">A CEPTELECOM est\u00e1 preparada para certificar a sua rede  com o mais altos padr\u00f3es do mercado<\/p><\/div><\/div>\t\t\t\t<\/div>\n\t\t\t\t<\/div>\n\t\t\t\t<\/div>\n\t\t<div class=\"elementor-element elementor-element-c438561 e-flex e-con-boxed e-con e-parent\" data-id=\"c438561\" data-element_type=\"container\" data-settings=\"{&quot;background_background&quot;:&quot;classic&quot;}\">\n\t\t\t\t\t<div class=\"e-con-inner\">\n\t\t<div class=\"elementor-element elementor-element-5c55e6b e-con-full e-flex e-con e-child\" data-id=\"5c55e6b\" data-element_type=\"container\">\n\t\t\t\t<div class=\"elementor-element elementor-element-d29346f elementor-button-align-center elementor-widget elementor-widget-form\" data-id=\"d29346f\" data-element_type=\"widget\" data-settings=\"{&quot;step_next_label&quot;:&quot;Next&quot;,&quot;step_previous_label&quot;:&quot;Previous&quot;,&quot;button_width&quot;:&quot;100&quot;,&quot;step_type&quot;:&quot;number_text&quot;,&quot;step_icon_shape&quot;:&quot;circle&quot;}\" data-widget_type=\"form.default\">\n\t\t\t\t<div class=\"elementor-widget-container\">\n\t\t\t\t\t\t\t<form class=\"elementor-form\" method=\"post\" name=\"New Form\">\n\t\t\t<input type=\"hidden\" name=\"post_id\" value=\"2\"\/>\n\t\t\t<input type=\"hidden\" name=\"form_id\" value=\"d29346f\"\/>\n\t\t\t<input type=\"hidden\" name=\"referer_title\" value=\"Wordpress\" \/>\n\n\t\t\t\n\t\t\t<div class=\"elementor-form-fields-wrapper elementor-labels-above\">\n\t\t\t\t\t\t\t\t<div class=\"elementor-field-type-text elementor-field-group elementor-column elementor-field-group-name elementor-col-100 elementor-field-required\">\n\t\t\t\t\t\t\t\t\t\t\t\t<label for=\"form-field-name\" class=\"elementor-field-label\">\n\t\t\t\t\t\t\t\tNome\t\t\t\t\t\t\t<\/label>\n\t\t\t\t\t\t\t\t\t\t\t\t\t\t<input size=\"1\" type=\"text\" name=\"form_fields[name]\" id=\"form-field-name\" class=\"elementor-field elementor-size-sm  elementor-field-textual\" placeholder=\"Nome\" required=\"required\" aria-required=\"true\">\n\t\t\t\t\t\t\t\t\t\t\t<\/div>\n\t\t\t\t\t\t\t\t<div class=\"elementor-field-type-email elementor-field-group elementor-column elementor-field-group-email elementor-col-100 elementor-field-required\">\n\t\t\t\t\t\t\t\t\t\t\t\t<label for=\"form-field-email\" class=\"elementor-field-label\">\n\t\t\t\t\t\t\t\tE-mail\t\t\t\t\t\t\t<\/label>\n\t\t\t\t\t\t\t\t\t\t\t\t\t\t<input size=\"1\" type=\"email\" name=\"form_fields[email]\" id=\"form-field-email\" class=\"elementor-field elementor-size-sm  elementor-field-textual\" placeholder=\"E-mail\" required=\"required\" aria-required=\"true\">\n\t\t\t\t\t\t\t\t\t\t\t<\/div>\n\t\t\t\t\t\t\t\t<div class=\"elementor-field-type-textarea elementor-field-group elementor-column elementor-field-group-message elementor-col-100 elementor-field-required\">\n\t\t\t\t\t\t\t\t\t\t\t\t<label for=\"form-field-message\" class=\"elementor-field-label\">\n\t\t\t\t\t\t\t\tMensagem\t\t\t\t\t\t\t<\/label>\n\t\t\t\t\t\t<textarea class=\"elementor-field-textual elementor-field  elementor-size-sm\" name=\"form_fields[message]\" id=\"form-field-message\" rows=\"4\" placeholder=\"Mensagem\" required=\"required\" aria-required=\"true\"><\/textarea>\t\t\t\t<\/div>\n\t\t\t\t\t\t\t\t<div class=\"elementor-field-group elementor-column elementor-field-type-submit elementor-col-100 e-form__buttons\">\n\t\t\t\t\t<button type=\"submit\" class=\"elementor-button elementor-size-sm\">\n\t\t\t\t\t\t<span >\n\t\t\t\t\t\t\t\t\t\t\t\t\t\t\t<span class=\"elementor-align-icon-left elementor-button-icon\">\n\t\t\t\t\t\t\t\t\t<i aria-hidden=\"true\" class=\"far fa-envelope\"><\/i>\t\t\t\t\t\t\t\t\t\t\t\t\t\t\t\t\t<\/span>\n\t\t\t\t\t\t\t\t\t\t\t\t\t\t\t\t\t\t\t\t\t\t<span class=\"elementor-button-text\">Enviar<\/span>\n\t\t\t\t\t\t\t\t\t\t\t\t\t<\/span>\n\t\t\t\t\t<\/button>\n\t\t\t\t<\/div>\n\t\t\t<\/div>\n\t\t<\/form>\n\t\t\t\t\t\t<\/div>\n\t\t\t\t<\/div>\n\t\t\t\t<\/div>\n\t\t<div class=\"elementor-element elementor-element-a19ebd3 e-con-full e-flex e-con e-child\" data-id=\"a19ebd3\" data-element_type=\"container\">\n\t\t\t\t<div class=\"elementor-element elementor-element-ea9f75e elementor-widget elementor-widget-image\" data-id=\"ea9f75e\" data-element_type=\"widget\" data-widget_type=\"image.default\">\n\t\t\t\t<div class=\"elementor-widget-container\">\n\t\t\t\t\t\t\t\t\t\t\t\t\t\t\t<img loading=\"lazy\" decoding=\"async\" width=\"400\" height=\"350\" src=\"https:\/\/ceptelecom.com.br\/wp-content\/uploads\/2024\/10\/whats-App.png\" class=\"attachment-large size-large wp-image-350\" alt=\"\" srcset=\"https:\/\/ceptelecom.com.br\/wp-content\/uploads\/2024\/10\/whats-App.png 400w, https:\/\/ceptelecom.com.br\/wp-content\/uploads\/2024\/10\/whats-App-300x263.png 300w\" sizes=\"(max-width: 400px) 100vw, 400px\" \/>\t\t\t\t\t\t\t\t\t\t\t\t\t\t\t<\/div>\n\t\t\t\t<\/div>\n\t\t\t\t<div class=\"elementor-element elementor-element-8ee2c57 elementor-align-center elementor-widget elementor-widget-button\" data-id=\"8ee2c57\" data-element_type=\"widget\" data-widget_type=\"button.default\">\n\t\t\t\t<div class=\"elementor-widget-container\">\n\t\t\t\t\t\t\t\t\t<div class=\"elementor-button-wrapper\">\n\t\t\t\t\t<a class=\"elementor-button elementor-button-link elementor-size-sm\" href=\"#\">\n\t\t\t\t\t\t<span class=\"elementor-button-content-wrapper\">\n\t\t\t\t\t\t<span class=\"elementor-button-icon\">\n\t\t\t\t<i aria-hidden=\"true\" class=\"fab fa-whatsapp-square\"><\/i>\t\t\t<\/span>\n\t\t\t\t\t\t\t\t\t<span class=\"elementor-button-text\">Falar no WhatsApp<\/span>\n\t\t\t\t\t<\/span>\n\t\t\t\t\t<\/a>\n\t\t\t\t<\/div>\n\t\t\t\t\t\t\t\t<\/div>\n\t\t\t\t<\/div>\n\t\t\t\t<\/div>\n\t\t\t\t\t<\/div>\n\t\t\t\t<\/div>\n\t\t\t\t<\/div>\n\t\t","protected":false},"excerpt":{"rendered":"<p>Conhe\u00e7a Nossos Servi\u00e7os Conhe\u00e7a os servi\u00e7os que a CEPTELECOM tem a oferecer com efici\u00eancia e resultados. Cabeamento Estruturado Projeto completo de Redes Estruturadas CAT 5E, CAT 6A e CAT 6 Telecom Projetos, interliga\u00e7\u00f5es, Loca\u00e7\u00f5es C F T V Circuito Fechado de TV \u00e9 um dos meios mais eficazes para preven\u00e7\u00e3o e controle daseguran\u00e7a pessoal e [&hellip;]<\/p>\n","protected":false},"author":1,"featured_media":0,"parent":0,"menu_order":0,"comment_status":"closed","ping_status":"open","template":"elementor_header_footer","meta":{"footnotes":""},"class_list":["post-2","page","type-page","status-publish","hentry"],"yoast_head":"<!-- This site is optimized with the Yoast SEO plugin v27.0 - https:\/\/yoast.com\/product\/yoast-seo-wordpress\/ -->\n<title>Home - Wordpress<\/title>\n<meta name=\"robots\" content=\"index, follow, max-snippet:-1, max-image-preview:large, max-video-preview:-1\" \/>\n<link rel=\"canonical\" href=\"https:\/\/ceptelecom.com.br\/\" \/>\n<meta property=\"og:locale\" content=\"en_US\" \/>\n<meta property=\"og:type\" content=\"article\" \/>\n<meta property=\"og:title\" content=\"Home - Wordpress\" \/>\n<meta property=\"og:description\" content=\"Conhe\u00e7a Nossos Servi\u00e7os Conhe\u00e7a os servi\u00e7os que a CEPTELECOM tem a oferecer com efici\u00eancia e resultados. Cabeamento Estruturado Projeto completo de Redes Estruturadas CAT 5E, CAT 6A e CAT 6 Telecom Projetos, interliga\u00e7\u00f5es, Loca\u00e7\u00f5es C F T V Circuito Fechado de TV \u00e9 um dos meios mais eficazes para preven\u00e7\u00e3o e controle daseguran\u00e7a pessoal e [&hellip;]\" \/>\n<meta property=\"og:url\" content=\"https:\/\/ceptelecom.com.br\/\" \/>\n<meta property=\"og:site_name\" content=\"Wordpress\" \/>\n<meta property=\"article:modified_time\" content=\"2024-10-19T20:02:13+00:00\" \/>\n<meta property=\"og:image\" content=\"https:\/\/ceptelecom.com.br\/wp-content\/uploads\/2024\/10\/Cabeamento-Estruturado.png\" \/>\n<meta name=\"twitter:card\" content=\"summary_large_image\" \/>\n<meta name=\"twitter:label1\" content=\"Est. reading time\" \/>\n\t<meta name=\"twitter:data1\" content=\"2 minutes\" \/>\n<script type=\"application\/ld+json\" class=\"yoast-schema-graph\">{\"@context\":\"https:\/\/schema.org\",\"@graph\":[{\"@type\":\"WebPage\",\"@id\":\"https:\/\/ceptelecom.com.br\/\",\"url\":\"https:\/\/ceptelecom.com.br\/\",\"name\":\"Home - Wordpress\",\"isPartOf\":{\"@id\":\"https:\/\/ceptelecom.com.br\/#website\"},\"primaryImageOfPage\":{\"@id\":\"https:\/\/ceptelecom.com.br\/#primaryimage\"},\"image\":{\"@id\":\"https:\/\/ceptelecom.com.br\/#primaryimage\"},\"thumbnailUrl\":\"https:\/\/ceptelecom.com.br\/wp-content\/uploads\/2024\/10\/Cabeamento-Estruturado.png\",\"datePublished\":\"2024-10-18T23:27:32+00:00\",\"dateModified\":\"2024-10-19T20:02:13+00:00\",\"breadcrumb\":{\"@id\":\"https:\/\/ceptelecom.com.br\/#breadcrumb\"},\"inLanguage\":\"en-US\",\"potentialAction\":[{\"@type\":\"ReadAction\",\"target\":[\"https:\/\/ceptelecom.com.br\/\"]}]},{\"@type\":\"ImageObject\",\"inLanguage\":\"en-US\",\"@id\":\"https:\/\/ceptelecom.com.br\/#primaryimage\",\"url\":\"https:\/\/ceptelecom.com.br\/wp-content\/uploads\/2024\/10\/Cabeamento-Estruturado.png\",\"contentUrl\":\"https:\/\/ceptelecom.com.br\/wp-content\/uploads\/2024\/10\/Cabeamento-Estruturado.png\",\"width\":1080,\"height\":1080},{\"@type\":\"BreadcrumbList\",\"@id\":\"https:\/\/ceptelecom.com.br\/#breadcrumb\",\"itemListElement\":[{\"@type\":\"ListItem\",\"position\":1,\"name\":\"Home\",\"item\":\"https:\/\/ceptelecom.com.br\/\"},{\"@type\":\"ListItem\",\"position\":2,\"name\":\"Home\"}]},{\"@type\":\"WebSite\",\"@id\":\"https:\/\/ceptelecom.com.br\/#website\",\"url\":\"https:\/\/ceptelecom.com.br\/\",\"name\":\"Wordpress\",\"description\":\"\",\"potentialAction\":[{\"@type\":\"SearchAction\",\"target\":{\"@type\":\"EntryPoint\",\"urlTemplate\":\"https:\/\/ceptelecom.com.br\/?s={search_term_string}\"},\"query-input\":{\"@type\":\"PropertyValueSpecification\",\"valueRequired\":true,\"valueName\":\"search_term_string\"}}],\"inLanguage\":\"en-US\"}]}<\/script>\n<!-- \/ Yoast SEO plugin. -->","yoast_head_json":{"title":"Home - Wordpress","robots":{"index":"index","follow":"follow","max-snippet":"max-snippet:-1","max-image-preview":"max-image-preview:large","max-video-preview":"max-video-preview:-1"},"canonical":"https:\/\/ceptelecom.com.br\/","og_locale":"en_US","og_type":"article","og_title":"Home - Wordpress","og_description":"Conhe\u00e7a Nossos Servi\u00e7os Conhe\u00e7a os servi\u00e7os que a CEPTELECOM tem a oferecer com efici\u00eancia e resultados. Cabeamento Estruturado Projeto completo de Redes Estruturadas CAT 5E, CAT 6A e CAT 6 Telecom Projetos, interliga\u00e7\u00f5es, Loca\u00e7\u00f5es C F T V Circuito Fechado de TV \u00e9 um dos meios mais eficazes para preven\u00e7\u00e3o e controle daseguran\u00e7a pessoal e [&hellip;]","og_url":"https:\/\/ceptelecom.com.br\/","og_site_name":"Wordpress","article_modified_time":"2024-10-19T20:02:13+00:00","og_image":[{"url":"https:\/\/ceptelecom.com.br\/wp-content\/uploads\/2024\/10\/Cabeamento-Estruturado.png","type":"","width":"","height":""}],"twitter_card":"summary_large_image","twitter_misc":{"Est. reading time":"2 minutes"},"schema":{"@context":"https:\/\/schema.org","@graph":[{"@type":"WebPage","@id":"https:\/\/ceptelecom.com.br\/","url":"https:\/\/ceptelecom.com.br\/","name":"Home - Wordpress","isPartOf":{"@id":"https:\/\/ceptelecom.com.br\/#website"},"primaryImageOfPage":{"@id":"https:\/\/ceptelecom.com.br\/#primaryimage"},"image":{"@id":"https:\/\/ceptelecom.com.br\/#primaryimage"},"thumbnailUrl":"https:\/\/ceptelecom.com.br\/wp-content\/uploads\/2024\/10\/Cabeamento-Estruturado.png","datePublished":"2024-10-18T23:27:32+00:00","dateModified":"2024-10-19T20:02:13+00:00","breadcrumb":{"@id":"https:\/\/ceptelecom.com.br\/#breadcrumb"},"inLanguage":"en-US","potentialAction":[{"@type":"ReadAction","target":["https:\/\/ceptelecom.com.br\/"]}]},{"@type":"ImageObject","inLanguage":"en-US","@id":"https:\/\/ceptelecom.com.br\/#primaryimage","url":"https:\/\/ceptelecom.com.br\/wp-content\/uploads\/2024\/10\/Cabeamento-Estruturado.png","contentUrl":"https:\/\/ceptelecom.com.br\/wp-content\/uploads\/2024\/10\/Cabeamento-Estruturado.png","width":1080,"height":1080},{"@type":"BreadcrumbList","@id":"https:\/\/ceptelecom.com.br\/#breadcrumb","itemListElement":[{"@type":"ListItem","position":1,"name":"Home","item":"https:\/\/ceptelecom.com.br\/"},{"@type":"ListItem","position":2,"name":"Home"}]},{"@type":"WebSite","@id":"https:\/\/ceptelecom.com.br\/#website","url":"https:\/\/ceptelecom.com.br\/","name":"Wordpress","description":"","potentialAction":[{"@type":"SearchAction","target":{"@type":"EntryPoint","urlTemplate":"https:\/\/ceptelecom.com.br\/?s={search_term_string}"},"query-input":{"@type":"PropertyValueSpecification","valueRequired":true,"valueName":"search_term_string"}}],"inLanguage":"en-US"}]}},"_links":{"self":[{"href":"https:\/\/ceptelecom.com.br\/index.php\/wp-json\/wp\/v2\/pages\/2","targetHints":{"allow":["GET"]}}],"collection":[{"href":"https:\/\/ceptelecom.com.br\/index.php\/wp-json\/wp\/v2\/pages"}],"about":[{"href":"https:\/\/ceptelecom.com.br\/index.php\/wp-json\/wp\/v2\/types\/page"}],"author":[{"embeddable":true,"href":"https:\/\/ceptelecom.com.br\/index.php\/wp-json\/wp\/v2\/users\/1"}],"replies":[{"embeddable":true,"href":"https:\/\/ceptelecom.com.br\/index.php\/wp-json\/wp\/v2\/comments?post=2"}],"version-history":[{"count":130,"href":"https:\/\/ceptelecom.com.br\/index.php\/wp-json\/wp\/v2\/pages\/2\/revisions"}],"predecessor-version":[{"id":363,"href":"https:\/\/ceptelecom.com.br\/index.php\/wp-json\/wp\/v2\/pages\/2\/revisions\/363"}],"wp:attachment":[{"href":"https:\/\/ceptelecom.com.br\/index.php\/wp-json\/wp\/v2\/media?parent=2"}],"curies":[{"name":"wp","href":"https:\/\/api.w.org\/{rel}","templated":true}]}}